{"id":137,"date":"2020-10-17T19:15:47","date_gmt":"2020-10-17T17:15:47","guid":{"rendered":"http:\/\/localhost\/wordpress\/?page_id=137"},"modified":"2020-12-16T16:32:47","modified_gmt":"2020-12-16T15:32:47","slug":"les-stages-2","status":"publish","type":"page","link":"https:\/\/www.bts-ndrc-perrier.fr\/?page_id=137","title":{"rendered":"Les stages"},"content":{"rendered":"\n<h2 class=\"has-vivid-cyan-blue-color has-text-color wp-block-heading\"><strong>Les mati\u00e8res<\/strong><\/h2>\n\n\n\n<p><a href=\"http:\/\/bts-ndrc-perrier.fr\/?page_id=47\">>><\/a><\/p>\n\n\n\n<h2 class=\"has-vivid-cyan-blue-color has-text-color wp-block-heading\"><strong>L&rsquo;examen<\/strong><\/h2>\n\n\n\n<p><a href=\"http:\/\/bts-ndrc-perrier.fr\/?page_id=49\">&gt;&gt;<\/a><\/p>\n\n\n\n<h2 class=\"has-vivid-cyan-blue-color has-text-color wp-block-heading\"><strong>Les stages<\/strong><\/h2>\n\n\n\n<figure class=\"wp-block-image size-large is-resized\"><img loading=\"lazy\" decoding=\"async\" src=\"http:\/\/localhost\/wordpress\/wp-content\/uploads\/2020\/10\/Stage-1024x774.png\" alt=\"\" class=\"wp-image-300\" width=\"535\" height=\"404\" srcset=\"https:\/\/www.bts-ndrc-perrier.fr\/wp-content\/uploads\/2020\/10\/Stage-1024x774.png 1024w, https:\/\/www.bts-ndrc-perrier.fr\/wp-content\/uploads\/2020\/10\/Stage-300x227.png 300w, https:\/\/www.bts-ndrc-perrier.fr\/wp-content\/uploads\/2020\/10\/Stage-768x581.png 768w, https:\/\/www.bts-ndrc-perrier.fr\/wp-content\/uploads\/2020\/10\/Stage-1536x1162.png 1536w, https:\/\/www.bts-ndrc-perrier.fr\/wp-content\/uploads\/2020\/10\/Stage-2048x1549.png 2048w\" sizes=\"(max-width: 535px) 100vw, 535px\" \/><\/figure>\n\n\n\n<p>A Tulle, pour permettre aux \u00e9tudiants d&rsquo;acqu\u00e9rir un maximum de comp\u00e9tences pour l&rsquo;examen et \u00eatre le plus polyvalent sur le march\u00e9 du travail, nous conseillons de faire un stage dans chacun des 3 r\u00e9seaux \u00e0 pr\u00e9senter \u00e0 l&rsquo;examen :<\/p>\n\n\n\n<p class=\"has-vivid-red-color has-text-color\">un r\u00e9seau de distributeurs<\/p>\n\n\n\n<p class=\"has-text-align-center has-vivid-red-color has-text-color\">un r\u00e9seau de partenaires<\/p>\n\n\n\n<p class=\"has-text-align-right has-vivid-red-color has-text-color\">un r\u00e9seau de vente directe<\/p>\n\n\n\n<p class=\"has-text-align-center has-small-font-size\"><em>Pour lire les exp\u00e9riences de stage de nos \u00e9tudiants, c&rsquo;est <a href=\"http:\/\/bts-ndrc-perrier.fr\/?cat=4\">ici<\/a><\/em><\/p>\n\n\n\n<h2 class=\"has-vivid-cyan-blue-color has-text-color wp-block-heading\"><strong>Les d\u00e9bouch\u00e9s<\/strong><\/h2>\n\n\n\n<p><a href=\"http:\/\/bts-ndrc-perrier.fr\/?page_id=139\">&gt;&gt;<\/a><\/p>\n\n\n\n<p><\/p>\n\n\n\n<p><\/p>\n\n\n\n<p class=\"has-text-align-center has-medium-font-size\">Revenir \u00e0 la pr\u00e9sentation du <a href=\"http:\/\/bts-ndrc-perrier.fr\/?page_id=45\">BTS NDRC<\/a><\/p>\n","protected":false},"excerpt":{"rendered":"<p>Les mati\u00e8res >> L&rsquo;examen &gt;&gt; Les stages A Tulle, pour permettre aux \u00e9tudiants d&rsquo;acqu\u00e9rir un maximum de comp\u00e9tences pour l&rsquo;examen et \u00eatre le plus polyvalent sur le march\u00e9 du travail, nous conseillons de faire un stage dans chacun des 3 r\u00e9seaux \u00e0 pr\u00e9senter \u00e0 l&rsquo;examen : un r\u00e9seau de distributeurs un r\u00e9seau de partenaires un [&hellip;]<\/p>\n","protected":false},"author":1,"featured_media":0,"parent":0,"menu_order":0,"comment_status":"closed","ping_status":"closed","template":"","meta":{"saved_in_kubio":false,"_uag_custom_page_level_css":"","footnotes":""},"class_list":["post-137","page","type-page","status-publish","hentry"],"kubio_ai_page_context":{"short_desc":"","purpose":"general"},"yoast_head":"<!-- This site is optimized with the Yoast SEO plugin v23.9 - https:\/\/yoast.com\/wordpress\/plugins\/seo\/ -->\n<title>Les stages - BTS NDRC Edmond Perrier Tulle<\/title>\n<meta name=\"robots\" content=\"noindex, follow, max-snippet:-1, max-image-preview:large, max-video-preview:-1\" \/>\n<meta property=\"og:locale\" content=\"fr_FR\" \/>\n<meta property=\"og:type\" content=\"article\" \/>\n<meta property=\"og:title\" content=\"Les stages - BTS NDRC Edmond Perrier Tulle\" \/>\n<meta property=\"og:description\" content=\"Les mati\u00e8res &gt;&gt; L&rsquo;examen &gt;&gt; Les stages A Tulle, pour permettre aux \u00e9tudiants d&rsquo;acqu\u00e9rir un maximum de comp\u00e9tences pour l&rsquo;examen et \u00eatre le plus polyvalent sur le march\u00e9 du travail, nous conseillons de faire un stage dans chacun des 3 r\u00e9seaux \u00e0 pr\u00e9senter \u00e0 l&rsquo;examen : un r\u00e9seau de distributeurs un r\u00e9seau de partenaires un [&hellip;]\" \/>\n<meta property=\"og:url\" content=\"https:\/\/www.bts-ndrc-perrier.fr\/?page_id=137\" \/>\n<meta property=\"og:site_name\" content=\"BTS NDRC Edmond Perrier Tulle\" \/>\n<meta property=\"article:modified_time\" content=\"2020-12-16T15:32:47+00:00\" \/>\n<meta property=\"og:image\" content=\"http:\/\/localhost\/wordpress\/wp-content\/uploads\/2020\/10\/Stage-1024x774.png\" \/>\n<meta name=\"twitter:card\" content=\"summary_large_image\" \/>\n<script type=\"application\/ld+json\" class=\"yoast-schema-graph\">{\"@context\":\"https:\/\/schema.org\",\"@graph\":[{\"@type\":\"WebPage\",\"@id\":\"https:\/\/www.bts-ndrc-perrier.fr\/?page_id=137\",\"url\":\"https:\/\/www.bts-ndrc-perrier.fr\/?page_id=137\",\"name\":\"Les stages - BTS NDRC Edmond Perrier Tulle\",\"isPartOf\":{\"@id\":\"https:\/\/www.bts-ndrc-perrier.fr\/#website\"},\"primaryImageOfPage\":{\"@id\":\"https:\/\/www.bts-ndrc-perrier.fr\/?page_id=137#primaryimage\"},\"image\":{\"@id\":\"https:\/\/www.bts-ndrc-perrier.fr\/?page_id=137#primaryimage\"},\"thumbnailUrl\":\"http:\/\/localhost\/wordpress\/wp-content\/uploads\/2020\/10\/Stage-1024x774.png\",\"datePublished\":\"2020-10-17T17:15:47+00:00\",\"dateModified\":\"2020-12-16T15:32:47+00:00\",\"breadcrumb\":{\"@id\":\"https:\/\/www.bts-ndrc-perrier.fr\/?page_id=137#breadcrumb\"},\"inLanguage\":\"fr-FR\",\"potentialAction\":[{\"@type\":\"ReadAction\",\"target\":[\"https:\/\/www.bts-ndrc-perrier.fr\/?page_id=137\"]}]},{\"@type\":\"ImageObject\",\"inLanguage\":\"fr-FR\",\"@id\":\"https:\/\/www.bts-ndrc-perrier.fr\/?page_id=137#primaryimage\",\"url\":\"http:\/\/localhost\/wordpress\/wp-content\/uploads\/2020\/10\/Stage-1024x774.png\",\"contentUrl\":\"http:\/\/localhost\/wordpress\/wp-content\/uploads\/2020\/10\/Stage-1024x774.png\"},{\"@type\":\"BreadcrumbList\",\"@id\":\"https:\/\/www.bts-ndrc-perrier.fr\/?page_id=137#breadcrumb\",\"itemListElement\":[{\"@type\":\"ListItem\",\"position\":1,\"name\":\"Accueil\",\"item\":\"https:\/\/www.bts-ndrc-perrier.fr\/\"},{\"@type\":\"ListItem\",\"position\":2,\"name\":\"Les stages\"}]},{\"@type\":\"WebSite\",\"@id\":\"https:\/\/www.bts-ndrc-perrier.fr\/#website\",\"url\":\"https:\/\/www.bts-ndrc-perrier.fr\/\",\"name\":\"BTS NDRC Edmond Perrier Tulle\",\"description\":\"N\u00e9gociation et Digitalisation de la Relation Client\",\"publisher\":{\"@id\":\"https:\/\/www.bts-ndrc-perrier.fr\/#organization\"},\"potentialAction\":[{\"@type\":\"SearchAction\",\"target\":{\"@type\":\"EntryPoint\",\"urlTemplate\":\"https:\/\/www.bts-ndrc-perrier.fr\/?s={search_term_string}\"},\"query-input\":{\"@type\":\"PropertyValueSpecification\",\"valueRequired\":true,\"valueName\":\"search_term_string\"}}],\"inLanguage\":\"fr-FR\"},{\"@type\":\"Organization\",\"@id\":\"https:\/\/www.bts-ndrc-perrier.fr\/#organization\",\"name\":\"BTS NDRC Edmond Perrier Tulle\",\"url\":\"https:\/\/www.bts-ndrc-perrier.fr\/\",\"logo\":{\"@type\":\"ImageObject\",\"inLanguage\":\"fr-FR\",\"@id\":\"https:\/\/www.bts-ndrc-perrier.fr\/#\/schema\/logo\/image\/\",\"url\":\"https:\/\/www.bts-ndrc-perrier.fr\/wp-content\/uploads\/2024\/12\/cropped-Nouvelle-aquitaine-et-acad-limoges.png\",\"contentUrl\":\"https:\/\/www.bts-ndrc-perrier.fr\/wp-content\/uploads\/2024\/12\/cropped-Nouvelle-aquitaine-et-acad-limoges.png\",\"width\":466,\"height\":250,\"caption\":\"BTS NDRC  Edmond Perrier Tulle\"},\"image\":{\"@id\":\"https:\/\/www.bts-ndrc-perrier.fr\/#\/schema\/logo\/image\/\"}}]}<\/script>\n<!-- \/ Yoast SEO plugin. -->","yoast_head_json":{"title":"Les stages - BTS NDRC Edmond Perrier Tulle","robots":{"index":"noindex","follow":"follow","max-snippet":"max-snippet:-1","max-image-preview":"max-image-preview:large","max-video-preview":"max-video-preview:-1"},"og_locale":"fr_FR","og_type":"article","og_title":"Les stages - BTS NDRC Edmond Perrier Tulle","og_description":"Les mati\u00e8res >> L&rsquo;examen &gt;&gt; Les stages A Tulle, pour permettre aux \u00e9tudiants d&rsquo;acqu\u00e9rir un maximum de comp\u00e9tences pour l&rsquo;examen et \u00eatre le plus polyvalent sur le march\u00e9 du travail, nous conseillons de faire un stage dans chacun des 3 r\u00e9seaux \u00e0 pr\u00e9senter \u00e0 l&rsquo;examen : un r\u00e9seau de distributeurs un r\u00e9seau de partenaires un [&hellip;]","og_url":"https:\/\/www.bts-ndrc-perrier.fr\/?page_id=137","og_site_name":"BTS NDRC Edmond Perrier Tulle","article_modified_time":"2020-12-16T15:32:47+00:00","og_image":[{"url":"http:\/\/localhost\/wordpress\/wp-content\/uploads\/2020\/10\/Stage-1024x774.png"}],"twitter_card":"summary_large_image","schema":{"@context":"https:\/\/schema.org","@graph":[{"@type":"WebPage","@id":"https:\/\/www.bts-ndrc-perrier.fr\/?page_id=137","url":"https:\/\/www.bts-ndrc-perrier.fr\/?page_id=137","name":"Les stages - BTS NDRC Edmond Perrier Tulle","isPartOf":{"@id":"https:\/\/www.bts-ndrc-perrier.fr\/#website"},"primaryImageOfPage":{"@id":"https:\/\/www.bts-ndrc-perrier.fr\/?page_id=137#primaryimage"},"image":{"@id":"https:\/\/www.bts-ndrc-perrier.fr\/?page_id=137#primaryimage"},"thumbnailUrl":"http:\/\/localhost\/wordpress\/wp-content\/uploads\/2020\/10\/Stage-1024x774.png","datePublished":"2020-10-17T17:15:47+00:00","dateModified":"2020-12-16T15:32:47+00:00","breadcrumb":{"@id":"https:\/\/www.bts-ndrc-perrier.fr\/?page_id=137#breadcrumb"},"inLanguage":"fr-FR","potentialAction":[{"@type":"ReadAction","target":["https:\/\/www.bts-ndrc-perrier.fr\/?page_id=137"]}]},{"@type":"ImageObject","inLanguage":"fr-FR","@id":"https:\/\/www.bts-ndrc-perrier.fr\/?page_id=137#primaryimage","url":"http:\/\/localhost\/wordpress\/wp-content\/uploads\/2020\/10\/Stage-1024x774.png","contentUrl":"http:\/\/localhost\/wordpress\/wp-content\/uploads\/2020\/10\/Stage-1024x774.png"},{"@type":"BreadcrumbList","@id":"https:\/\/www.bts-ndrc-perrier.fr\/?page_id=137#breadcrumb","itemListElement":[{"@type":"ListItem","position":1,"name":"Accueil","item":"https:\/\/www.bts-ndrc-perrier.fr\/"},{"@type":"ListItem","position":2,"name":"Les stages"}]},{"@type":"WebSite","@id":"https:\/\/www.bts-ndrc-perrier.fr\/#website","url":"https:\/\/www.bts-ndrc-perrier.fr\/","name":"BTS NDRC Edmond Perrier Tulle","description":"N\u00e9gociation et Digitalisation de la Relation Client","publisher":{"@id":"https:\/\/www.bts-ndrc-perrier.fr\/#organization"},"potentialAction":[{"@type":"SearchAction","target":{"@type":"EntryPoint","urlTemplate":"https:\/\/www.bts-ndrc-perrier.fr\/?s={search_term_string}"},"query-input":{"@type":"PropertyValueSpecification","valueRequired":true,"valueName":"search_term_string"}}],"inLanguage":"fr-FR"},{"@type":"Organization","@id":"https:\/\/www.bts-ndrc-perrier.fr\/#organization","name":"BTS NDRC Edmond Perrier Tulle","url":"https:\/\/www.bts-ndrc-perrier.fr\/","logo":{"@type":"ImageObject","inLanguage":"fr-FR","@id":"https:\/\/www.bts-ndrc-perrier.fr\/#\/schema\/logo\/image\/","url":"https:\/\/www.bts-ndrc-perrier.fr\/wp-content\/uploads\/2024\/12\/cropped-Nouvelle-aquitaine-et-acad-limoges.png","contentUrl":"https:\/\/www.bts-ndrc-perrier.fr\/wp-content\/uploads\/2024\/12\/cropped-Nouvelle-aquitaine-et-acad-limoges.png","width":466,"height":250,"caption":"BTS NDRC  Edmond Perrier Tulle"},"image":{"@id":"https:\/\/www.bts-ndrc-perrier.fr\/#\/schema\/logo\/image\/"}}]}},"uagb_featured_image_src":{"full":false,"thumbnail":false,"medium":false,"medium_large":false,"large":false,"1536x1536":false,"2048x2048":false,"kubio-fullhd":false},"uagb_author_info":{"display_name":"admin","author_link":"https:\/\/www.bts-ndrc-perrier.fr\/?author=1"},"uagb_comment_info":0,"uagb_excerpt":"Les mati\u00e8res >> L&rsquo;examen &gt;&gt; Les stages A Tulle, pour permettre aux \u00e9tudiants d&rsquo;acqu\u00e9rir un maximum de comp\u00e9tences pour l&rsquo;examen et \u00eatre le plus polyvalent sur le march\u00e9 du travail, nous conseillons de faire un stage dans chacun des 3 r\u00e9seaux \u00e0 pr\u00e9senter \u00e0 l&rsquo;examen : un r\u00e9seau de distributeurs un r\u00e9seau de partenaires un\u2026","_links":{"self":[{"href":"https:\/\/www.bts-ndrc-perrier.fr\/index.php?rest_route=\/wp\/v2\/pages\/137","targetHints":{"allow":["GET"]}}],"collection":[{"href":"https:\/\/www.bts-ndrc-perrier.fr\/index.php?rest_route=\/wp\/v2\/pages"}],"about":[{"href":"https:\/\/www.bts-ndrc-perrier.fr\/index.php?rest_route=\/wp\/v2\/types\/page"}],"author":[{"embeddable":true,"href":"https:\/\/www.bts-ndrc-perrier.fr\/index.php?rest_route=\/wp\/v2\/users\/1"}],"replies":[{"embeddable":true,"href":"https:\/\/www.bts-ndrc-perrier.fr\/index.php?rest_route=%2Fwp%2Fv2%2Fcomments&post=137"}],"version-history":[{"count":9,"href":"https:\/\/www.bts-ndrc-perrier.fr\/index.php?rest_route=\/wp\/v2\/pages\/137\/revisions"}],"predecessor-version":[{"id":349,"href":"https:\/\/www.bts-ndrc-perrier.fr\/index.php?rest_route=\/wp\/v2\/pages\/137\/revisions\/349"}],"wp:attachment":[{"href":"https:\/\/www.bts-ndrc-perrier.fr\/index.php?rest_route=%2Fwp%2Fv2%2Fmedia&parent=137"}],"curies":[{"name":"wp","href":"https:\/\/api.w.org\/{rel}","templated":true}]}}