{"id":49,"date":"2020-10-17T15:52:42","date_gmt":"2020-10-17T13:52:42","guid":{"rendered":"http:\/\/localhost\/wordpress\/?page_id=49"},"modified":"2020-12-16T16:29:23","modified_gmt":"2020-12-16T15:29:23","slug":"lexamen","status":"publish","type":"page","link":"https:\/\/www.bts-ndrc-perrier.fr\/?page_id=49","title":{"rendered":"L&rsquo;examen"},"content":{"rendered":"\n<h2 class=\"has-vivid-cyan-blue-color has-text-color wp-block-heading\"><strong>Les mati\u00e8res<\/strong><\/h2>\n\n\n\n<p><a href=\"http:\/\/bts-ndrc-perrier.fr\/?page_id=47\">>><\/a><\/p>\n\n\n\n<h2 class=\"has-vivid-cyan-blue-color has-text-color wp-block-heading\"><strong>L&rsquo;examen<\/strong><\/h2>\n\n\n\n<p>Le dipl\u00f4me du BTS se passe en plusieurs temps :<\/p>\n\n\n\n<p> &#8211;  des <strong>CCF <\/strong>(Contr\u00f4les en Cours de Formation) pour 2 enseignements professionnels (jeu de r\u00f4le en n\u00e9gociation et oral sur les r\u00e9seaux)<\/p>\n\n\n\n<p> &#8211;  une <strong>\u00e9preuve pratique<\/strong> sur poste informatique sur WordPress ou Prestashop<\/p>\n\n\n\n<p> &#8211;  des <strong>\u00e9preuves \u00e9crites<\/strong> (une \u00e9tude de cas commerciale, une \u00e9preuve de fran\u00e7ais avec note de synth\u00e8se et \u00e9criture d&rsquo;invention, un sujet de CEJM)<\/p>\n\n\n\n<p> &#8211;  des <strong>oraux <\/strong>en langues vivantes<\/p>\n\n\n\n<p class=\"has-text-align-center has-small-font-size\"><em>Pour plus de d\u00e9tails sur l&rsquo;examen du BTS NDRC, c&rsquo;est<\/em> <a href=\"http:\/\/bts-ndrc-perrier.fr\/?page_id=256\" target=\"_blank\" rel=\"noreferrer noopener\">ici<\/a><\/p>\n\n\n\n<h2 class=\"has-vivid-cyan-blue-color has-text-color wp-block-heading\"><strong>Les stages<\/strong><\/h2>\n\n\n\n<p><a href=\"http:\/\/bts-ndrc-perrier.fr\/?page_id=137\">>><\/a><\/p>\n\n\n\n<h2 class=\"has-vivid-cyan-blue-color has-text-color wp-block-heading\"><strong>Les d\u00e9bouch\u00e9s<\/strong><\/h2>\n\n\n\n<p><a href=\"http:\/\/bts-ndrc-perrier.fr\/?page_id=139\">>><\/a><\/p>\n\n\n\n<p><\/p>\n\n\n\n<p><\/p>\n\n\n\n<p class=\"has-text-align-center has-medium-font-size\">Revenir \u00e0 la pr\u00e9sentation du <a href=\"http:\/\/bts-ndrc-perrier.fr\/?page_id=45\">BTS NDRC<\/a><\/p>\n","protected":false},"excerpt":{"rendered":"<p>Les mati\u00e8res >> L&rsquo;examen Le dipl\u00f4me du BTS se passe en plusieurs temps : &#8211; des CCF (Contr\u00f4les en Cours de Formation) pour 2 enseignements professionnels (jeu de r\u00f4le en n\u00e9gociation et oral sur les r\u00e9seaux) &#8211; une \u00e9preuve pratique sur poste informatique sur WordPress ou Prestashop &#8211; des \u00e9preuves \u00e9crites (une \u00e9tude de cas [&hellip;]<\/p>\n","protected":false},"author":1,"featured_media":0,"parent":0,"menu_order":0,"comment_status":"closed","ping_status":"closed","template":"","meta":{"saved_in_kubio":false,"_uag_custom_page_level_css":"","footnotes":""},"class_list":["post-49","page","type-page","status-publish","hentry"],"kubio_ai_page_context":{"short_desc":"","purpose":"general"},"yoast_head":"<!-- This site is optimized with the Yoast SEO plugin v23.9 - https:\/\/yoast.com\/wordpress\/plugins\/seo\/ -->\n<title>L&#039;examen - BTS NDRC Edmond Perrier Tulle<\/title>\n<meta name=\"robots\" content=\"noindex, follow, max-snippet:-1, max-image-preview:large, max-video-preview:-1\" \/>\n<meta property=\"og:locale\" content=\"fr_FR\" \/>\n<meta property=\"og:type\" content=\"article\" \/>\n<meta property=\"og:title\" content=\"L&#039;examen - BTS NDRC Edmond Perrier Tulle\" \/>\n<meta property=\"og:description\" content=\"Les mati\u00e8res &gt;&gt; L&rsquo;examen Le dipl\u00f4me du BTS se passe en plusieurs temps : &#8211; des CCF (Contr\u00f4les en Cours de Formation) pour 2 enseignements professionnels (jeu de r\u00f4le en n\u00e9gociation et oral sur les r\u00e9seaux) &#8211; une \u00e9preuve pratique sur poste informatique sur WordPress ou Prestashop &#8211; des \u00e9preuves \u00e9crites (une \u00e9tude de cas [&hellip;]\" \/>\n<meta property=\"og:url\" content=\"https:\/\/www.bts-ndrc-perrier.fr\/?page_id=49\" \/>\n<meta property=\"og:site_name\" content=\"BTS NDRC Edmond Perrier Tulle\" \/>\n<meta property=\"article:modified_time\" content=\"2020-12-16T15:29:23+00:00\" \/>\n<meta name=\"twitter:card\" content=\"summary_large_image\" \/>\n<meta name=\"twitter:label1\" content=\"Dur\u00e9e de lecture estim\u00e9e\" \/>\n\t<meta name=\"twitter:data1\" content=\"1 minute\" \/>\n<script type=\"application\/ld+json\" class=\"yoast-schema-graph\">{\"@context\":\"https:\/\/schema.org\",\"@graph\":[{\"@type\":\"WebPage\",\"@id\":\"https:\/\/www.bts-ndrc-perrier.fr\/?page_id=49\",\"url\":\"https:\/\/www.bts-ndrc-perrier.fr\/?page_id=49\",\"name\":\"L'examen - BTS NDRC Edmond Perrier Tulle\",\"isPartOf\":{\"@id\":\"https:\/\/www.bts-ndrc-perrier.fr\/#website\"},\"datePublished\":\"2020-10-17T13:52:42+00:00\",\"dateModified\":\"2020-12-16T15:29:23+00:00\",\"breadcrumb\":{\"@id\":\"https:\/\/www.bts-ndrc-perrier.fr\/?page_id=49#breadcrumb\"},\"inLanguage\":\"fr-FR\",\"potentialAction\":[{\"@type\":\"ReadAction\",\"target\":[\"https:\/\/www.bts-ndrc-perrier.fr\/?page_id=49\"]}]},{\"@type\":\"BreadcrumbList\",\"@id\":\"https:\/\/www.bts-ndrc-perrier.fr\/?page_id=49#breadcrumb\",\"itemListElement\":[{\"@type\":\"ListItem\",\"position\":1,\"name\":\"Accueil\",\"item\":\"https:\/\/www.bts-ndrc-perrier.fr\/\"},{\"@type\":\"ListItem\",\"position\":2,\"name\":\"L&rsquo;examen\"}]},{\"@type\":\"WebSite\",\"@id\":\"https:\/\/www.bts-ndrc-perrier.fr\/#website\",\"url\":\"https:\/\/www.bts-ndrc-perrier.fr\/\",\"name\":\"BTS NDRC Edmond Perrier Tulle\",\"description\":\"N\u00e9gociation et Digitalisation de la Relation Client\",\"publisher\":{\"@id\":\"https:\/\/www.bts-ndrc-perrier.fr\/#organization\"},\"potentialAction\":[{\"@type\":\"SearchAction\",\"target\":{\"@type\":\"EntryPoint\",\"urlTemplate\":\"https:\/\/www.bts-ndrc-perrier.fr\/?s={search_term_string}\"},\"query-input\":{\"@type\":\"PropertyValueSpecification\",\"valueRequired\":true,\"valueName\":\"search_term_string\"}}],\"inLanguage\":\"fr-FR\"},{\"@type\":\"Organization\",\"@id\":\"https:\/\/www.bts-ndrc-perrier.fr\/#organization\",\"name\":\"BTS NDRC Edmond Perrier Tulle\",\"url\":\"https:\/\/www.bts-ndrc-perrier.fr\/\",\"logo\":{\"@type\":\"ImageObject\",\"inLanguage\":\"fr-FR\",\"@id\":\"https:\/\/www.bts-ndrc-perrier.fr\/#\/schema\/logo\/image\/\",\"url\":\"https:\/\/www.bts-ndrc-perrier.fr\/wp-content\/uploads\/2024\/12\/cropped-Nouvelle-aquitaine-et-acad-limoges.png\",\"contentUrl\":\"https:\/\/www.bts-ndrc-perrier.fr\/wp-content\/uploads\/2024\/12\/cropped-Nouvelle-aquitaine-et-acad-limoges.png\",\"width\":466,\"height\":250,\"caption\":\"BTS NDRC  Edmond Perrier Tulle\"},\"image\":{\"@id\":\"https:\/\/www.bts-ndrc-perrier.fr\/#\/schema\/logo\/image\/\"}}]}<\/script>\n<!-- \/ Yoast SEO plugin. -->","yoast_head_json":{"title":"L'examen - BTS NDRC Edmond Perrier Tulle","robots":{"index":"noindex","follow":"follow","max-snippet":"max-snippet:-1","max-image-preview":"max-image-preview:large","max-video-preview":"max-video-preview:-1"},"og_locale":"fr_FR","og_type":"article","og_title":"L'examen - BTS NDRC Edmond Perrier Tulle","og_description":"Les mati\u00e8res >> L&rsquo;examen Le dipl\u00f4me du BTS se passe en plusieurs temps : &#8211; des CCF (Contr\u00f4les en Cours de Formation) pour 2 enseignements professionnels (jeu de r\u00f4le en n\u00e9gociation et oral sur les r\u00e9seaux) &#8211; une \u00e9preuve pratique sur poste informatique sur WordPress ou Prestashop &#8211; des \u00e9preuves \u00e9crites (une \u00e9tude de cas [&hellip;]","og_url":"https:\/\/www.bts-ndrc-perrier.fr\/?page_id=49","og_site_name":"BTS NDRC Edmond Perrier Tulle","article_modified_time":"2020-12-16T15:29:23+00:00","twitter_card":"summary_large_image","twitter_misc":{"Dur\u00e9e de lecture estim\u00e9e":"1 minute"},"schema":{"@context":"https:\/\/schema.org","@graph":[{"@type":"WebPage","@id":"https:\/\/www.bts-ndrc-perrier.fr\/?page_id=49","url":"https:\/\/www.bts-ndrc-perrier.fr\/?page_id=49","name":"L'examen - BTS NDRC Edmond Perrier Tulle","isPartOf":{"@id":"https:\/\/www.bts-ndrc-perrier.fr\/#website"},"datePublished":"2020-10-17T13:52:42+00:00","dateModified":"2020-12-16T15:29:23+00:00","breadcrumb":{"@id":"https:\/\/www.bts-ndrc-perrier.fr\/?page_id=49#breadcrumb"},"inLanguage":"fr-FR","potentialAction":[{"@type":"ReadAction","target":["https:\/\/www.bts-ndrc-perrier.fr\/?page_id=49"]}]},{"@type":"BreadcrumbList","@id":"https:\/\/www.bts-ndrc-perrier.fr\/?page_id=49#breadcrumb","itemListElement":[{"@type":"ListItem","position":1,"name":"Accueil","item":"https:\/\/www.bts-ndrc-perrier.fr\/"},{"@type":"ListItem","position":2,"name":"L&rsquo;examen"}]},{"@type":"WebSite","@id":"https:\/\/www.bts-ndrc-perrier.fr\/#website","url":"https:\/\/www.bts-ndrc-perrier.fr\/","name":"BTS NDRC Edmond Perrier Tulle","description":"N\u00e9gociation et Digitalisation de la Relation Client","publisher":{"@id":"https:\/\/www.bts-ndrc-perrier.fr\/#organization"},"potentialAction":[{"@type":"SearchAction","target":{"@type":"EntryPoint","urlTemplate":"https:\/\/www.bts-ndrc-perrier.fr\/?s={search_term_string}"},"query-input":{"@type":"PropertyValueSpecification","valueRequired":true,"valueName":"search_term_string"}}],"inLanguage":"fr-FR"},{"@type":"Organization","@id":"https:\/\/www.bts-ndrc-perrier.fr\/#organization","name":"BTS NDRC Edmond Perrier Tulle","url":"https:\/\/www.bts-ndrc-perrier.fr\/","logo":{"@type":"ImageObject","inLanguage":"fr-FR","@id":"https:\/\/www.bts-ndrc-perrier.fr\/#\/schema\/logo\/image\/","url":"https:\/\/www.bts-ndrc-perrier.fr\/wp-content\/uploads\/2024\/12\/cropped-Nouvelle-aquitaine-et-acad-limoges.png","contentUrl":"https:\/\/www.bts-ndrc-perrier.fr\/wp-content\/uploads\/2024\/12\/cropped-Nouvelle-aquitaine-et-acad-limoges.png","width":466,"height":250,"caption":"BTS NDRC  Edmond Perrier Tulle"},"image":{"@id":"https:\/\/www.bts-ndrc-perrier.fr\/#\/schema\/logo\/image\/"}}]}},"uagb_featured_image_src":{"full":false,"thumbnail":false,"medium":false,"medium_large":false,"large":false,"1536x1536":false,"2048x2048":false,"kubio-fullhd":false},"uagb_author_info":{"display_name":"admin","author_link":"https:\/\/www.bts-ndrc-perrier.fr\/?author=1"},"uagb_comment_info":0,"uagb_excerpt":"Les mati\u00e8res >> L&rsquo;examen Le dipl\u00f4me du BTS se passe en plusieurs temps : &#8211; des CCF (Contr\u00f4les en Cours de Formation) pour 2 enseignements professionnels (jeu de r\u00f4le en n\u00e9gociation et oral sur les r\u00e9seaux) &#8211; une \u00e9preuve pratique sur poste informatique sur WordPress ou Prestashop &#8211; des \u00e9preuves \u00e9crites (une \u00e9tude de cas\u2026","_links":{"self":[{"href":"https:\/\/www.bts-ndrc-perrier.fr\/index.php?rest_route=\/wp\/v2\/pages\/49","targetHints":{"allow":["GET"]}}],"collection":[{"href":"https:\/\/www.bts-ndrc-perrier.fr\/index.php?rest_route=\/wp\/v2\/pages"}],"about":[{"href":"https:\/\/www.bts-ndrc-perrier.fr\/index.php?rest_route=\/wp\/v2\/types\/page"}],"author":[{"embeddable":true,"href":"https:\/\/www.bts-ndrc-perrier.fr\/index.php?rest_route=\/wp\/v2\/users\/1"}],"replies":[{"embeddable":true,"href":"https:\/\/www.bts-ndrc-perrier.fr\/index.php?rest_route=%2Fwp%2Fv2%2Fcomments&post=49"}],"version-history":[{"count":10,"href":"https:\/\/www.bts-ndrc-perrier.fr\/index.php?rest_route=\/wp\/v2\/pages\/49\/revisions"}],"predecessor-version":[{"id":347,"href":"https:\/\/www.bts-ndrc-perrier.fr\/index.php?rest_route=\/wp\/v2\/pages\/49\/revisions\/347"}],"wp:attachment":[{"href":"https:\/\/www.bts-ndrc-perrier.fr\/index.php?rest_route=%2Fwp%2Fv2%2Fmedia&parent=49"}],"curies":[{"name":"wp","href":"https:\/\/api.w.org\/{rel}","templated":true}]}}